{"id":201,"date":"2019-12-16T14:24:58","date_gmt":"2019-12-16T13:24:58","guid":{"rendered":"http:\/\/lepatiodefes.com\/?page_id=201"},"modified":"2019-12-16T15:43:52","modified_gmt":"2019-12-16T14:43:52","slug":"acces-plan","status":"publish","type":"page","link":"https:\/\/lepatiodefes.com\/index.php\/acces-plan\/","title":{"rendered":"Acc\u00e8s \/ plan"},"content":{"rendered":"\n<p>Situ\u00e9 \u00e0 5 minutes de la place Er-Rcif, le patio de Fes vous ouvre ses portes dans un environnement calme et isol\u00e9 de la m\u00e9dina. Pour votre premi\u00e8re venue, nous vous conseillons de contacter notre \u00e9quipe qui viendra vous r\u00e9cup\u00e9rer directement sur la place Er-Rcif et vous m\u00e8nera avec vos bagages directement au Riad.<\/p>\n\n\n\n<p>Pensez \u00e0 bien conserver avec vous le num\u00e9ro de t\u00e9l\u00e9phone de contact de notre \u00e9quipe sur place.<\/p>\n\n\n\n<p><\/p>\n\n\n\n<figure class=\"wp-block-image size-large is-resized\"><img loading=\"lazy\" decoding=\"async\" src=\"http:\/\/lepatiodefes.com\/wp-content\/uploads\/2019\/12\/acces_patio-811x1024.jpeg\" alt=\"\" class=\"wp-image-205\" width=\"811\" height=\"1024\" srcset=\"https:\/\/lepatiodefes.com\/wp-content\/uploads\/2019\/12\/acces_patio-811x1024.jpeg 811w, https:\/\/lepatiodefes.com\/wp-content\/uploads\/2019\/12\/acces_patio-238x300.jpeg 238w, https:\/\/lepatiodefes.com\/wp-content\/uploads\/2019\/12\/acces_patio-768x970.jpeg 768w, https:\/\/lepatiodefes.com\/wp-content\/uploads\/2019\/12\/acces_patio-1217x1536.jpeg 1217w, https:\/\/lepatiodefes.com\/wp-content\/uploads\/2019\/12\/acces_patio-1622x2048.jpeg 1622w, https:\/\/lepatiodefes.com\/wp-content\/uploads\/2019\/12\/acces_patio-scaled.jpeg 2028w\" sizes=\"auto, (max-width: 811px) 100vw, 811px\" \/><\/figure>\n\n\n\n<div class=\"wp-block-media-text alignwide\" style=\"grid-template-columns:16% auto\"><figure class=\"wp-block-media-text__media\"><img loading=\"lazy\" decoding=\"async\" width=\"626\" height=\"626\" src=\"http:\/\/lepatiodefes.com\/wp-content\/uploads\/2019\/12\/aeroport.jpg\" alt=\"\" class=\"wp-image-211\" srcset=\"https:\/\/lepatiodefes.com\/wp-content\/uploads\/2019\/12\/aeroport.jpg 626w, https:\/\/lepatiodefes.com\/wp-content\/uploads\/2019\/12\/aeroport-300x300.jpg 300w, https:\/\/lepatiodefes.com\/wp-content\/uploads\/2019\/12\/aeroport-150x150.jpg 150w\" sizes=\"auto, (max-width: 626px) 100vw, 626px\" \/><\/figure><div class=\"wp-block-media-text__content\">\n<p class=\"has-small-font-size\">Depuis l&rsquo;a\u00e9roport de F\u00e8s, notre chauffeur vous attendra \u00e0 la sortie de l&rsquo;a\u00e9roport pour vous amener directement au Riad.  <em>(prestation en suppl\u00e9ment)<\/em><\/p>\n<\/div><\/div>\n\n\n\n<div class=\"wp-block-media-text alignwide has-background has-white-background-color\" style=\"grid-template-columns:15% auto\"><figure class=\"wp-block-media-text__media\"><img loading=\"lazy\" decoding=\"async\" width=\"239\" height=\"211\" src=\"http:\/\/lepatiodefes.com\/wp-content\/uploads\/2019\/12\/train.png\" alt=\"\" class=\"wp-image-210\"\/><\/figure><div class=\"wp-block-media-text__content\">\n<p class=\"has-small-font-size\">Depuis la gare de F\u00e8s, notre chauffeur vous attendra \u00e0 la sortie de la gare pour vous amener directement au Riad.  <em>(prestation en suppl\u00e9ment)<\/em><\/p>\n<\/div><\/div>\n\n\n\n<p><\/p>\n","protected":false},"excerpt":{"rendered":"<p>Situ\u00e9 \u00e0 5 minutes de la place Er-Rcif, le patio de Fes vous ouvre ses portes dans un environnement calme et isol\u00e9 de la m\u00e9dina. Pour votre premi\u00e8re venue, nous vous conseillons de contacter notre \u00e9quipe qui viendra vous r\u00e9cup\u00e9rer directement sur la place Er-Rcif et vous m\u00e8nera avec vos bagages directement au Riad. Pensez &hellip; <a href=\"https:\/\/lepatiodefes.com\/index.php\/acces-plan\/\" class=\"more-link\">Continuer la lecture de <span class=\"screen-reader-text\">Acc\u00e8s \/ plan<\/span>  <span class=\"meta-nav\">&rarr;<\/span><\/a><\/p>\n","protected":false},"author":1,"featured_media":0,"parent":0,"menu_order":0,"comment_status":"closed","ping_status":"closed","template":"","meta":{"footnotes":""},"class_list":["post-201","page","type-page","status-publish","hentry"],"_links":{"self":[{"href":"https:\/\/lepatiodefes.com\/index.php\/wp-json\/wp\/v2\/pages\/201","targetHints":{"allow":["GET"]}}],"collection":[{"href":"https:\/\/lepatiodefes.com\/index.php\/wp-json\/wp\/v2\/pages"}],"about":[{"href":"https:\/\/lepatiodefes.com\/index.php\/wp-json\/wp\/v2\/types\/page"}],"author":[{"embeddable":true,"href":"https:\/\/lepatiodefes.com\/index.php\/wp-json\/wp\/v2\/users\/1"}],"replies":[{"embeddable":true,"href":"https:\/\/lepatiodefes.com\/index.php\/wp-json\/wp\/v2\/comments?post=201"}],"version-history":[{"count":6,"href":"https:\/\/lepatiodefes.com\/index.php\/wp-json\/wp\/v2\/pages\/201\/revisions"}],"predecessor-version":[{"id":215,"href":"https:\/\/lepatiodefes.com\/index.php\/wp-json\/wp\/v2\/pages\/201\/revisions\/215"}],"wp:attachment":[{"href":"https:\/\/lepatiodefes.com\/index.php\/wp-json\/wp\/v2\/media?parent=201"}],"curies":[{"name":"wp","href":"https:\/\/api.w.org\/{rel}","templated":true}]}}